 be x(-7). What is the greatest common divisor of i and f?
16
Suppose 5 = -2*q + 7*q, 0 = 2*r - 3*q - 83. Calculate the greatest common divisor of 1 and r.
1
Let c = -29 + 41. Let d be (-17 + -61 + -12)*(-12)/10. Calculate the greatest common factor of d and c.
12
Let l be 103 - (7 + (-20)/2). Calculate the highest common divisor of l and 4.
2
Let y(c) = -20*c + 51. Let f be y(7). Let n = f + 117. Calculate the highest common divisor of 98 and n.
14
Let s be (624/32)/(6/80). What is the greatest common divisor of 13 and s?
13
Let k = -39 - -201. Calculate the greatest common divisor of 6 and k.
6
Let m be (-6)/9 + 32/12. Let f be m/14 - (-459)/21. Let t = -4 + f. What is the greatest common divisor of 27 and t?
9
Suppose 0 = 3*n - 3*u - 39, 19 = 3*n + 4*u - 2*u. Calculate the highest common factor of 33 and n.
3
Let k(y) = y**2 + 8*y - 7. Let j be k(-8). Let v = j + 70. Suppose 126 = -l + 4*l. What is the greatest common factor of l and v?
21
Let u = 256 - 254. What is the greatest common divisor of u and 5?
1
Suppose 292 = 72*g - 2300. Calculate the highest common divisor of g and 32.
4
Let w be (2 - (-5 + 254))/(-1). What is the highest common factor of w and 13?
13
Let a be (-2)/(-8) + (-821)/4. Let g = -293 - a. Let r be (-30)/20*g/3. Calculate the highest common divisor of r and 110.
22
Let k(v) = -6*v - 11. Let c be k(-4). Suppose c*a - 11*a = -8. Let t be 4/(a/12 - -1). Calculate the greatest common divisor of 9 and t.
3
Suppose 0 = 181*o - 204*o + 322. Let u = 182 - 28. What is the highest common factor of o and u?
14
Let s be (22/(-55))/((-1)/(-10)) - -76. Calculate the greatest common divisor of s and 792.
72
Let w = 340 - 186. Calculate the greatest common factor of 44 and w.
22
Let i(g) = -2*g + 55. Let z be i(2). Let u be 6/((45/102)/5). Calculate the greatest common divisor of u and z.
17
Let l be (-1575)/(-28) - 6/(-8). Suppose -5*k - 153 - 52 = 0. Let z = k + l. Calculate the greatest common divisor of 40 and z.
8
Suppose 5*b + 4*o = 54, 10 - 32 = -3*b - 5*o. Calculate the greatest common factor of b and 126.
14
Suppose -l + 13 = 3*i - i, -2*i = -4*l + 2. Suppose -b = l*x - 22, 2*x + 121 = -b + 4*b. Suppose -15 = -p + b. What is the highest common factor of p and 26?
26
Suppose 42*o - 1551 - 885 = 0. Calculate the highest common factor of 667 and o.
29
Let k be 10/(-4)*(-150)/3. Suppose 50 - k = -5*b. Suppose -42*f - 1320 = -50*f. Calculate the greatest common divisor of f and b.
15
Suppose -10*d + 1350 = 5*d. What is the greatest common divisor of d and 50?
10
Suppose -3*y = y + 3*o - 125, 0 = 5*o - 15. Let h(t) = t**2 - 6*t - 1. Let d be h(6). Let z = y - d. Calculate the greatest common divisor of 6 and z.
6
Let o(n) = -n**2 + 24*n + 9. Let u be o(9). What is the highest common divisor of 60 and u?
12
Let o = -4 + 1. Let n = 1 + o. Let m be (-1)/n + 660/24. Calculate the greatest common divisor of m and 252.
28
Let g be (8/(-6))/(4*2/(-24)). Suppose -c = -2*p - 56, -98 = -2*c + p - g*p. What is the highest common factor of c and 4?
4
Suppose f + 2*f = 48. Suppose 548 - 6052 = -86*p. Calculate the highest common factor of p and f.
16
Suppose 2*f - u - 2 = 39, -4*f + 4*u + 88 = 0. Calculate the highest common factor of f and 323.
19
Suppose 191*g = 192*g - 156. Calculate the greatest common factor of g and 13.
13
Suppose 2*l + 3*g = 0, -l - 4*l + 7 = 4*g. Suppose -2*h + 102 = 3*y, -2*h - 136 = -l*y - y. Calculate the highest common divisor of y and 17.
17
Let r = -141 + 150. Let o = -20 - -209. What is the highest common divisor of r and o?
9
Let f be -3 + (-567)/(-45) + (-2)/(-5). Let r(z) = z**3 - 18*z**2 + 22*z + 25. Let o be r(17). What is the greatest common factor of o and f?
10
Let a(v) = -2*v + 2. Let f be -3 + 8/2 + -1. Let p be a(f). Let d = 49 + -31. What is the highest common divisor of d and p?
2
Suppose -3*v + 2*v = -50. Suppose t - 5*t - 8 = i, i - 2*t = 22. Let a = i + 8. Calculate the highest common divisor of a and v.
10
Let i = 40 + -32. Calculate the greatest common divisor of 20 and i.
4
Let y(f) = 9*f + 4. Let a(v) = -14*v - 6. Let t(k) = -5*a(k) - 7*y(k). Let d be t(2). Let o = 5 + 3. What is the greatest common divisor of o and d?
8
Let o = 183 - 145. What is the greatest common factor of o and 114?
38
Let v = 279 + -239. Calculate the highest common factor of v and 45.
5
Suppose 16*i + 210 = i. Let w(u) = -u**3 - 13*u**2 - 6*u - 16. Let r be w(i). Calculate the greatest common factor of r and 24.
24
Suppose -2*x = -5*z + 1399 + 661, 424 = z + 2*x. What is the greatest common divisor of 144 and z?
18
Suppose 0 = 3*p + 2*p + 605. Let w = -103 - p. Calculate the greatest common factor of 126 and w.
18
Suppose -3*q - 9 = -6*q. Suppose -5*a = -3*w + 20, -8*w + q*w - 4*a + 95 = 0. Calculate the highest common divisor of w and 10.
5
Let p(f) = f**3 - f + 100. Let g be p(0). What is the greatest common divisor of g and 700?
100
Let x = -4 - -8. Suppose c + 95 - 63 - 84 = 0. Calculate the highest common divisor of c and x.
4
Let m = 0 - -7. Let o(u) = 8*u**2 + 4*u + 8. Let a be o(6). Suppose 5*t + 75 - a = 0. Calculate the greatest common factor of t and m.
7
Let g be 1*(-3)/12 - 4206/(-24). Let x = g - 31. What is the highest common divisor of x and 96?
48
Suppose 21*l - 9686 = -404. Calculate the highest common divisor of 78 and l.
26
Let l(j) = 14*j**2 + 13*j + 17*j**2 - 19*j**2 + 14 - j**3. Let a be l(13). What is the highest common factor of 70 and a?
14
Let f(o) = -o**2 + o + 76. Let b be f(-7). What is the greatest common factor of b and 190?
10
Let s(d) = -d**2 - 8*d - 3. Let t be s(-7). Suppose t*w = 23 - 7. Suppose -i = -6*i - 5*l + 70, -l = 3*i - 46. What is the highest common factor of i and w?
4
Let j be (-2 + 98)*(-9)/(-12)*1. What is the highest common divisor of j and 192?
24
Let d = 992 - 550. Calculate the highest common factor of d and 102.
34
Suppose l - 2 = -6. Let p(n) = -n - 1. Let j be p(l). Suppose j*v + 4*d - 44 = 0, -10 = 5*v - 3*d - 64. What is the greatest common factor of 24 and v?
12
Let f be ((-56)/(-40))/(2/30). What is the highest common divisor of 21 and f?
21
Suppose 0*o = o + 5, -19 = -2*p + 3*o. Suppose p*c - 3*c - 5 = 0. Let m be 4 + 3 + c + 54. Calculate the greatest common factor of 8 and m.
8
Let u = 182 + -167. Calculate the greatest common divisor of u and 120.
15
Suppose 16 - 6 = 2*i. Suppose -i = 4*r - 81. Calculate the highest common factor of 76 and r.
19
Suppose -5*g = -2*f - 8, 2*g + 2*f = 2 + 4. Let p(j) = -7*j - 17 - j**g - 6*j + 17. Let r be p(-9). Calculate the greatest common divisor of r and 4.
4
Suppose 659 = 12*j - 757. Calculate the highest common divisor of j and 2.
2
Suppose 60 = -3*p + 231. Let t = p - 39. What is the greatest common divisor of t and 45?
9
Let o be 6/9*(-3)/(-2). Let s(i) = 2 + i**2 + 7*i**3 - 2 + 0. Let u be s(o). What is the greatest common divisor of 20 and u?
4
Let i(r) be the third derivative of -r**6/120 + 7*r**5/30 - 7*r**4/12 + r**3 + 8*r**2. Let w be i(6). Calculate the greatest common divisor of 30 and w.
30
Suppose -5*f - 123 = -4*o + 389, -o + 113 = -5*f. Calculate the highest common factor of 76 and o.
19
Suppose -680 = -r - 3*r. Suppose 4*k + 2*f - 592 = 0, k - 6*f = -f + r. What is the highest common factor of 30 and k?
30
Let x(y) = y**2 - 10*y - 60. Let s be x(15). Calculate the highest common factor of s and 285.
15
Let w(n) = 12*n**2 - 13*n - 43. Let s be w(-3). What is the greatest common divisor of 65 and s?
13
Let n be -8 + 106/14 - 48/(-14). Calculate the highest common divisor of n and 3.
3
Let i be (4/1)/(3 - 4). Let f be (-15 - (2 - (i - -3)))*-1. Let u be (-432)/(-3) + -1 + 1. What is the highest common divisor of u and f?
18
Suppose b = 4*u - 969, 5*u - b + 4*b - 1207 = 0. Suppose -3*c = -45 - 21. What is the greatest common factor of u and c?
22
Suppose -22609*g + 22606*g + 38 = -52. Let c = 1 - -7. Suppose 0 = -4*q - c, 0*q - q + 4 = r. Calculate the greatest common factor of g and r.
6
Suppose 3*v + 48 - 3 = 5*q, 4*q = -3*v + 63. Calculate the greatest common factor of q and 204.
12
Let i = -181 - -191. Let w be 8/(-6)*3/(-2). What is the highest common divisor of i and w?
2
Let m(n) = -n**3 - 4*n**2 + 2*n - 5. Let l be 1*(15 - 0)/(-3). Let u be m(l). Let z = u + -4. Calculate the highest common fa